{"id":103,"date":"2020-01-06T17:09:14","date_gmt":"2020-01-06T20:09:14","guid":{"rendered":"https:\/\/cpps.palmas.br\/?page_id=103"},"modified":"2020-12-08T21:44:25","modified_gmt":"2020-12-09T00:44:25","slug":"matriculas","status":"publish","type":"page","link":"https:\/\/cpps.palmas.br\/index.php\/matriculas\/","title":{"rendered":"Matr\u00edculas"},"content":{"rendered":"\n<p><br>Matr\u00edculas Abertas!<\/p>\n\n\n\n<p>Data: a partir&nbsp; do dia 02 de janeiro de 2020 at\u00e9 encerramento das vagas ofertadas;<\/p>\n\n\n\n<p>Hor\u00e1rio de\u00a0atendimento para requerimento de matr\u00edculas: Das 8:00 horas \u00e0s 12:00 horas e das 14:00 horas \u00e0s 18:00 horas.<\/p>\n\n\n\n<p>O requerimento de matr\u00edcula dever\u00e1 conter a qualifica\u00e7\u00e3o do aluno,  especificar a s\u00e9rie escolhida, com os seguintes documentos:<\/p>\n\n\n\n<p><strong>a)&nbsp;&nbsp;&nbsp; <\/strong>Identidade;<\/p>\n\n\n\n<p><strong>b)&nbsp;&nbsp; <\/strong>CPF;<\/p>\n\n\n\n<p><strong>c)&nbsp;&nbsp;&nbsp; <\/strong>Comprovante de Resid\u00eancia;<\/p>\n\n\n\n<p><strong>d)&nbsp;&nbsp; <\/strong>Foto recente 3&#215;4;<\/p>\n\n\n\n<p><strong>e)&nbsp;&nbsp;&nbsp; <\/strong>Cart\u00e3o de Matr\u00edcula;<\/p>\n\n\n\n<p><strong>f)&nbsp;&nbsp;&nbsp;&nbsp; <\/strong>C\u00f3pia da Certid\u00e3o de Nascimento;<\/p>\n\n\n\n<p><strong>g)&nbsp;&nbsp; <\/strong>Cart\u00e3o de Vacina.<\/p>\n\n\n\n<p><strong>h)&nbsp;&nbsp; <\/strong>S\u00f3 ter\u00e1 validade a assinatura do contratante com apresenta\u00e7\u00e3o de c\u00f3pias de: RG, CPF, Comprovante de endere\u00e7o residencial e de trabalho;<\/p>\n\n\n\n<p><strong>i)&nbsp;&nbsp;&nbsp;&nbsp; <\/strong>Hist\u00f3rico Escolar Original (at\u00e9 60 dias ap\u00f3s a data da matr\u00edcula);<\/p>\n\n\n\n<p><strong>j)&nbsp;&nbsp;&nbsp;&nbsp; <\/strong>Comprovante do pagamento da matr\u00edcula;<\/p>\n\n\n\n<p><strong>k)&nbsp;&nbsp;&nbsp; <\/strong>Declara\u00e7\u00e3o de quita\u00e7\u00e3o da outra Unidade Escolar.<\/p>\n\n\n\n<p>In\u00edcio das aulas:  Dia 02 de fevereiro de 2020.<\/p>\n\n\n\n<p>Hor\u00e1rio:&nbsp;das 8h \u00e0s 12h, para os alunos do turno matutino e, das 14h \u00e0s 18h do turno vespertino.<\/p>\n\n\n\n<p>Quanto a valores:<\/p>\n\n\n\n<figure class=\"wp-block-table\"><table class=\"\"><tbody><tr><td>   <strong>Turma<\/strong>   <\/td><td>   <strong>PARCELA<\/strong>   <\/td><td>   <strong>Anuidade<\/strong>   <\/td><\/tr><tr><td>   Alfas, 1\u00b0 ao 5\u00b0 ano   <\/td><td>   R$ 615,00   <\/td><td>   R$ 7.380,00   <\/td><\/tr><\/tbody><\/table><\/figure>\n","protected":false},"excerpt":{"rendered":"<p>Matr\u00edculas Abertas! Data: a partir&nbsp; do dia 02 de janeiro de 2020 at\u00e9 encerramento das vagas ofertadas; Hor\u00e1rio de\u00a0atendimento para requerimento de matr\u00edculas: Das 8:00 horas \u00e0s 12:00 horas e das 14:00 horas \u00e0s 18:00 horas. O requerimento de matr\u00edcula dever\u00e1 conter a qualifica\u00e7\u00e3o do aluno, especificar a s\u00e9rie escolhida, com os seguintes documentos: a)&nbsp;&nbsp;&nbsp; [&hellip;]<\/p>\n","protected":false},"author":3,"featured_media":27,"parent":0,"menu_order":0,"comment_status":"closed","ping_status":"closed","template":"","meta":{"footnotes":""},"class_list":["post-103","page","type-page","status-publish","has-post-thumbnail","hentry"],"_links":{"self":[{"href":"https:\/\/cpps.palmas.br\/index.php\/wp-json\/wp\/v2\/pages\/103","targetHints":{"allow":["GET"]}}],"collection":[{"href":"https:\/\/cpps.palmas.br\/index.php\/wp-json\/wp\/v2\/pages"}],"about":[{"href":"https:\/\/cpps.palmas.br\/index.php\/wp-json\/wp\/v2\/types\/page"}],"author":[{"embeddable":true,"href":"https:\/\/cpps.palmas.br\/index.php\/wp-json\/wp\/v2\/users\/3"}],"replies":[{"embeddable":true,"href":"https:\/\/cpps.palmas.br\/index.php\/wp-json\/wp\/v2\/comments?post=103"}],"version-history":[{"count":5,"href":"https:\/\/cpps.palmas.br\/index.php\/wp-json\/wp\/v2\/pages\/103\/revisions"}],"predecessor-version":[{"id":168,"href":"https:\/\/cpps.palmas.br\/index.php\/wp-json\/wp\/v2\/pages\/103\/revisions\/168"}],"wp:featuredmedia":[{"embeddable":true,"href":"https:\/\/cpps.palmas.br\/index.php\/wp-json\/wp\/v2\/media\/27"}],"wp:attachment":[{"href":"https:\/\/cpps.palmas.br\/index.php\/wp-json\/wp\/v2\/media?parent=103"}],"curies":[{"name":"wp","href":"https:\/\/api.w.org\/{rel}","templated":true}]}}

Matrículas

<p><br>Matrículas Abertas!</p>



<p>Data: a partir&nbsp; do dia 02 de janeiro de 2020 até encerramento das vagas ofertadas;</p>



<p>Horário de atendimento para requerimento de matrículas: Das 8:00 horas às 12:00 horas e das 14:00 horas às 18:00 horas.</p>



<p>O requerimento de matrícula deverá conter a qualificação do aluno,  especificar a série escolhida, com os seguintes documentos:</p>



<p><strong>a)&nbsp;&nbsp;&nbsp; </strong>Identidade;</p>



<p><strong>b)&nbsp;&nbsp; </strong>CPF;</p>



<p><strong>c)&nbsp;&nbsp;&nbsp; </strong>Comprovante de Residência;</p>



<p><strong>d)&nbsp;&nbsp; </strong>Foto recente 3&#215;4;</p>



<p><strong>e)&nbsp;&nbsp;&nbsp; </strong>Cartão de Matrícula;</p>



<p><strong>f)&nbsp;&nbsp;&nbsp;&nbsp; </strong>Cópia da Certidão de Nascimento;</p>



<p><strong>g)&nbsp;&nbsp; </strong>Cartão de Vacina.</p>



<p><strong>h)&nbsp;&nbsp; </strong>Só terá validade a assinatura do contratante com apresentação de cópias de: RG, CPF, Comprovante de endereço residencial e de trabalho;</p>



<p><strong>i)&nbsp;&nbsp;&nbsp;&nbsp; </strong>Histórico Escolar Original (até 60 dias após a data da matrícula);</p>



<p><strong>j)&nbsp;&nbsp;&nbsp;&nbsp; </strong>Comprovante do pagamento da matrícula;</p>



<p><strong>k)&nbsp;&nbsp;&nbsp; </strong>Declaração de quitação da outra Unidade Escolar.</p>



<p>Início das aulas:  Dia 02 de fevereiro de 2020.</p>



<p>Horário:&nbsp;das 8h às 12h, para os alunos do turno matutino e, das 14h às 18h do turno vespertino.</p>



<p>Quanto a valores:</p>



<figure class="wp-block-table"><table class=""><tbody><tr><td>   <strong>Turma</strong>   </td><td>   <strong>PARCELA</strong>   </td><td>   <strong>Anuidade</strong>   </td></tr><tr><td>   Alfas, 1° ao 5° ano   </td><td>   R$ 615,00   </td><td>   R$ 7.380,00   </td></tr></tbody></table></figure>

<p>Matrículas Abertas! Data: a partir&nbsp; do dia 02 de janeiro de 2020 até encerramento das vagas ofertadas; Horário de atendimento para requerimento de matrículas: Das 8:00 horas às 12:00 horas e das 14:00 horas às 18:00 horas. O requerimento de matrícula deverá conter a qualificação do aluno, especificar a série escolhida, com os seguintes documentos: a)&nbsp;&nbsp;&nbsp; [&hellip;]</p>
