{"id":18,"date":"2020-01-05T21:14:23","date_gmt":"2020-01-06T00:14:23","guid":{"rendered":"https:\/\/cpps.palmas.br\/?page_id=18"},"modified":"2020-12-08T21:44:25","modified_gmt":"2020-12-09T00:44:25","slug":"principios","status":"publish","type":"page","link":"https:\/\/cpps.palmas.br\/index.php\/principios\/","title":{"rendered":"Quem Somos"},"content":{"rendered":"\n<p>No Centro Pedag\u00f3gico Princ\u00edpio da Sabedoria, o diferencial \u00e9 a din\u00e2mica e forma de oferecer o aprendizado eficiente.<\/p>\n\n\n\n<p>Sabe-se que o futuro do mundo s\u00e3o as nossas crian\u00e7as. Sabemos tamb\u00e9m que a fase de maior evolu\u00e7\u00e3o do c\u00e9rebro. E que um futuro brilhante somente ser\u00e1 constru\u00eddo com educa\u00e7\u00e3o de qualidade, objetivando a forma\u00e7\u00e3o de cidad\u00e3os cr\u00edticos e conscientes de seus direitos e deveres, formando seres humanos mais humanizados.<\/p>\n\n\n\n<p>Nosso ideal \u00e9 a alfabetiza\u00e7\u00e3o eficiente com inclus\u00e3o social genu\u00edna, conviv\u00eancia harm\u00f4nica entre os alunos, professores e colaboradores, onde propiciamos um ambiente familiar com princ\u00edpios crist\u00e3os, \u00e9ticos e morais, tendo como coluna de sustenta\u00e7\u00e3o a FAM\u00cdLIA.<br><\/p>\n\n\n\n<p>Nossa miss\u00e3o \u00e9 proporcionar um ensino de excel\u00eancia. Oferecido de forma individualizada, atrav\u00e9s da interven\u00e7\u00e3o baseada na neuroci\u00eancia e aprendizagem na primeira inf\u00e2ncia, voltada para a interven\u00e7\u00e3o psicopedag\u00f3gica, onde nossos alunos s\u00e3o incentivados com amor em suas habilidades e compet\u00eancias mais inerentes ao seu peculiar funcionamento cerebral e emocional de cada crian\u00e7a. <br><\/p>\n\n\n\n<p>H\u00e1 22 anos seguimos nossa trajet\u00f3ria pedag\u00f3gica, desbravando os mist\u00e9rios e fun\u00e7\u00f5es do c\u00e9rebro, com foco em cada tra\u00e7o da personalidade espec\u00edfica de cada aluno, potencializando as capacidades sin\u00e1pticas no sentido de viabilizar o melhor resultado educacional, que \u00e9 um aprendizado duradouro e consequentemente o sucesso acad\u00eamico e a forma\u00e7\u00e3o de um cidad\u00e3o de bem. <br><\/p>\n\n\n\n<p>A Fam\u00edlia Princ\u00edpio da Sabedoria est\u00e1 h\u00e1 vinte e dois anos engajada na transforma\u00e7\u00e3o do Brasil atrav\u00e9s da Educa\u00e7\u00e3o. Semeando com amor, colhendo com louvor os frutos do saber!<\/p>\n\n\n\n<p>Diretora: Geralda Batista de Queiroz<br>Assessora Jur\u00eddica: Valemarne A. Gomes<br>Coordenadora Pedag\u00f3gica: Dalete Santos S. de Ara\u00fajo e Glaciane da Silva Dur\u00e3o<br>Secret\u00e1rio: Wiliian da Silva Gl\u00f3ria<br>Assistente Administrativo: Andr\u00e9 Queiroz Camargo<\/p>\n","protected":false},"excerpt":{"rendered":"<p>No Centro Pedag\u00f3gico Princ\u00edpio da Sabedoria, o diferencial \u00e9 a din\u00e2mica e forma de oferecer o aprendizado eficiente. Sabe-se que o futuro do mundo s\u00e3o as nossas crian\u00e7as. Sabemos tamb\u00e9m que a fase de maior evolu\u00e7\u00e3o do c\u00e9rebro. E que um futuro brilhante somente ser\u00e1 constru\u00eddo com educa\u00e7\u00e3o de qualidade, objetivando a forma\u00e7\u00e3o de cidad\u00e3os [&hellip;]<\/p>\n","protected":false},"author":1,"featured_media":0,"parent":0,"menu_order":0,"comment_status":"closed","ping_status":"closed","template":"","meta":{"footnotes":""},"class_list":["post-18","page","type-page","status-publish","hentry"],"_links":{"self":[{"href":"https:\/\/cpps.palmas.br\/index.php\/wp-json\/wp\/v2\/pages\/18","targetHints":{"allow":["GET"]}}],"collection":[{"href":"https:\/\/cpps.palmas.br\/index.php\/wp-json\/wp\/v2\/pages"}],"about":[{"href":"https:\/\/cpps.palmas.br\/index.php\/wp-json\/wp\/v2\/types\/page"}],"author":[{"embeddable":true,"href":"https:\/\/cpps.palmas.br\/index.php\/wp-json\/wp\/v2\/users\/1"}],"replies":[{"embeddable":true,"href":"https:\/\/cpps.palmas.br\/index.php\/wp-json\/wp\/v2\/comments?post=18"}],"version-history":[{"count":2,"href":"https:\/\/cpps.palmas.br\/index.php\/wp-json\/wp\/v2\/pages\/18\/revisions"}],"predecessor-version":[{"id":25,"href":"https:\/\/cpps.palmas.br\/index.php\/wp-json\/wp\/v2\/pages\/18\/revisions\/25"}],"wp:attachment":[{"href":"https:\/\/cpps.palmas.br\/index.php\/wp-json\/wp\/v2\/media?parent=18"}],"curies":[{"name":"wp","href":"https:\/\/api.w.org\/{rel}","templated":true}]}}

<p>No Centro Pedagógico Princípio da Sabedoria, o diferencial é a dinâmica e forma de oferecer o aprendizado eficiente.</p>



<p>Sabe-se que o futuro do mundo são as nossas crianças. Sabemos também que a fase de maior evolução do cérebro. E que um futuro brilhante somente será construído com educação de qualidade, objetivando a formação de cidadãos críticos e conscientes de seus direitos e deveres, formando seres humanos mais humanizados.</p>



<p>Nosso ideal é a alfabetização eficiente com inclusão social genuína, convivência harmônica entre os alunos, professores e colaboradores, onde propiciamos um ambiente familiar com princípios cristãos, éticos e morais, tendo como coluna de sustentação a FAMÍLIA.<br></p>



<p>Nossa missão é proporcionar um ensino de excelência. Oferecido de forma individualizada, através da intervenção baseada na neurociência e aprendizagem na primeira infância, voltada para a intervenção psicopedagógica, onde nossos alunos são incentivados com amor em suas habilidades e competências mais inerentes ao seu peculiar funcionamento cerebral e emocional de cada criança. <br></p>



<p>Há 22 anos seguimos nossa trajetória pedagógica, desbravando os mistérios e funções do cérebro, com foco em cada traço da personalidade específica de cada aluno, potencializando as capacidades sinápticas no sentido de viabilizar o melhor resultado educacional, que é um aprendizado duradouro e consequentemente o sucesso acadêmico e a formação de um cidadão de bem. <br></p>



<p>A Família Princípio da Sabedoria está há vinte e dois anos engajada na transformação do Brasil através da Educação. Semeando com amor, colhendo com louvor os frutos do saber!</p>



<p>Diretora: Geralda Batista de Queiroz<br>Assessora Jurídica: Valemarne A. Gomes<br>Coordenadora Pedagógica: Dalete Santos S. de Araújo e Glaciane da Silva Durão<br>Secretário: Wiliian da Silva Glória<br>Assistente Administrativo: André Queiroz Camargo</p>

<p>No Centro Pedagógico Princípio da Sabedoria, o diferencial é a dinâmica e forma de oferecer o aprendizado eficiente. Sabe-se que o futuro do mundo são as nossas crianças. Sabemos também que a fase de maior evolução do cérebro. E que um futuro brilhante somente será construído com educação de qualidade, objetivando a formação de cidadãos [&hellip;]</p>
